{"id":36,"date":"2016-03-31T16:55:59","date_gmt":"2016-03-31T16:55:59","guid":{"rendered":"http:\/\/koerpertakt.de\/?page_id=36"},"modified":"2024-06-20T14:26:32","modified_gmt":"2024-06-20T12:26:32","slug":"leistungen","status":"publish","type":"page","link":"https:\/\/koerpertakt.de\/?page_id=36","title":{"rendered":"unsere Leistungen"},"content":{"rendered":"\n<div style=\"height:25px\" aria-hidden=\"true\" class=\"wp-block-spacer\"><\/div>\n\n\n\n<h3 class=\"wp-block-heading\" style=\"font-size:15px;text-transform:uppercase\"><strong><span style=\"color: #000000;\"><a href=\"https:\/\/koerpertakt.de\/?page_id=94\">Physiotherapie \/ Krankengymnastik<\/a><\/span><\/strong><\/h3>\n\n\n\n<h3 class=\"wp-block-heading\" style=\"font-size:15px;text-transform:uppercase\"><a href=\"https:\/\/koerpertakt.de\/?page_id=715\"><strong>Manuelle Therapie<\/strong><\/a><\/h3>\n\n\n\n<h3 class=\"wp-block-heading\" style=\"font-size:15px;text-transform:uppercase\"><strong><a href=\"https:\/\/koerpertakt.de\/?page_id=97\">Manuelle Lymphdrainage und \u00d6demtherapie nach Asdonk<\/a><\/strong><\/h3>\n\n\n\n<h3 class=\"wp-block-heading\" style=\"font-size:15px;text-transform:uppercase\"><strong><a href=\"https:\/\/koerpertakt.de\/?page_id=367\">Sportphysiotherapie<\/a><\/strong><\/h3>\n\n\n\n<h3 class=\"wp-block-heading\" style=\"font-size:15px;text-transform:uppercase\"><strong><a href=\"https:\/\/koerpertakt.de\/?page_id=100\">Klassische Massage<\/a><\/strong><\/h3>\n\n\n\n<h3 class=\"wp-block-heading\" style=\"font-size:15px;text-transform:uppercase\"><strong><span style=\"color: #000000;\"><a href=\"https:\/\/koerpertakt.de\/?page_id=103\">Fango\/Naturmoor<\/a><\/span><\/strong><\/h3>\n\n\n\n<h3 class=\"wp-block-heading\" style=\"font-size:15px;text-transform:uppercase\"><strong><span style=\"color: #000000;\"><a href=\"https:\/\/koerpertakt.de\/?page_id=256\">Kryotherapie (K\u00e4ltetherapie)<\/a><\/span><\/strong><\/h3>\n\n\n\n<h3 class=\"wp-block-heading\" style=\"font-size:15px;text-transform:uppercase\"><strong><a href=\"https:\/\/koerpertakt.de\/?page_id=106\">Klassisches Tapen<\/a><\/strong><\/h3>\n\n\n\n<h3 class=\"wp-block-heading\" style=\"font-size:15px;text-transform:uppercase\"><strong><a href=\"https:\/\/koerpertakt.de\/?page_id=350\">Kinesiologisches Tapen<\/a><\/strong><\/h3>\n\n\n\n<h3 class=\"wp-block-heading has-text-align-left has-small-font-size\"><strong><span style=\"color: #000000;\">-alle Kassen und Privat-<\/span><\/strong><\/h3>\n\n\n\n<div style=\"height:21px\" aria-hidden=\"true\" class=\"wp-block-spacer\"><\/div>\n\n\n\n<p class=\"has-black-color has-text-color has-link-color wp-elements-3f90df166ecb643929bdd166af65f735\">Alle unsere Leistungen k\u00f6nnen Sie durch die Weiterqualifizierung zur sektoralen Heilpraktikerin f\u00fcr Physiotherapie bei uns auch ganz ohne \u00e4rztliche Verordnung in Anspruch nehmen. Bitte beachten Sie, dass diese dann Privatleistungen sind und nicht im Rahmen der gesetzlichen Krankenversicherung umfasst sind.<\/p>\n","protected":false},"excerpt":{"rendered":"<p>Physiotherapie \/ Krankengymnastik Manuelle Therapie Manuelle Lymphdrainage und \u00d6demtherapie nach Asdonk Sportphysiotherapie Klassische Massage Fango\/Naturmoor Kryotherapie (K\u00e4ltetherapie) Klassisches Tapen Kinesiologisches Tapen -alle Kassen und Privat- Alle unsere Leistungen k\u00f6nnen Sie durch die Weiterqualifizierung zur sektoralen Heilpraktikerin f\u00fcr Physiotherapie bei uns auch ganz ohne \u00e4rztliche Verordnung in Anspruch nehmen. Bitte beachten Sie, dass diese dann Privatleistungen &hellip; <\/p>\n<p class=\"link-more\"><a href=\"https:\/\/koerpertakt.de\/?page_id=36\" class=\"more-link\"><span class=\"screen-reader-text\">\u201eunsere Leistungen\u201c <\/span>weiterlesen<\/a><\/p>\n","protected":false},"author":1,"featured_media":0,"parent":0,"menu_order":0,"comment_status":"closed","ping_status":"closed","template":"template-fullwidth.php","meta":{"footnotes":""},"class_list":["post-36","page","type-page","status-publish","hentry"],"_links":{"self":[{"href":"https:\/\/koerpertakt.de\/index.php?rest_route=\/wp\/v2\/pages\/36","targetHints":{"allow":["GET"]}}],"collection":[{"href":"https:\/\/koerpertakt.de\/index.php?rest_route=\/wp\/v2\/pages"}],"about":[{"href":"https:\/\/koerpertakt.de\/index.php?rest_route=\/wp\/v2\/types\/page"}],"author":[{"embeddable":true,"href":"https:\/\/koerpertakt.de\/index.php?rest_route=\/wp\/v2\/users\/1"}],"replies":[{"embeddable":true,"href":"https:\/\/koerpertakt.de\/index.php?rest_route=%2Fwp%2Fv2%2Fcomments&post=36"}],"version-history":[{"count":52,"href":"https:\/\/koerpertakt.de\/index.php?rest_route=\/wp\/v2\/pages\/36\/revisions"}],"predecessor-version":[{"id":1460,"href":"https:\/\/koerpertakt.de\/index.php?rest_route=\/wp\/v2\/pages\/36\/revisions\/1460"}],"wp:attachment":[{"href":"https:\/\/koerpertakt.de\/index.php?rest_route=%2Fwp%2Fv2%2Fmedia&parent=36"}],"curies":[{"name":"wp","href":"https:\/\/api.w.org\/{rel}","templated":true}]}}