{"id":572,"date":"2017-05-02T21:32:51","date_gmt":"2017-05-02T19:32:51","guid":{"rendered":"http:\/\/koerpertakt.de\/?page_id=572"},"modified":"2024-06-20T14:37:02","modified_gmt":"2024-06-20T12:37:02","slug":"kursangebot","status":"publish","type":"page","link":"https:\/\/koerpertakt.de\/?page_id=572","title":{"rendered":"Training"},"content":{"rendered":"\n<div class=\"wp-block-media-text alignwide has-media-on-the-right is-stacked-on-mobile is-vertically-aligned-center is-image-fill\"><div class=\"wp-block-media-text__content\">\n<h2 class=\"wp-block-heading has-black-color has-text-color\" style=\"font-size:17px;text-transform:none\"><strong>IndiReha<\/strong><\/h2>\n\n\n\n<p><span style=\"color: #000000;\">Der \u00dcbergang zwischen physiotherapeutischer Behandlung und den k\u00f6rperlichen Belastungen im Alltag ist f\u00fcr viele Patienten ein Balanceakt.\u00a0Um Sie in dieser nicht immer einfachen Phase besser begleiten und unterst\u00fctzen zu k\u00f6nnen bieten wir ab sofort ein Trainingsprogramm f\u00fcr Selbstzahler an.\u00a0<\/span><\/p>\n\n\n\n<p><span style=\"color: #000000;\">Hierbei haben Sie die M\u00f6glichkeit w\u00e4hrend oder nach ihrer physiotherapeutischen Behandlung unter professioneller Anleitung gezielte, individuell auf Sie abgestimmte \u00dcbungen (Muskelaufbau, Koordination, Faszienmobilisation) zu erlernen und somit aktiv an Ihrem Genesungsproze\u00df teilzunehmen.<\/span><\/p>\n\n\n\n<p><span style=\"color: #000000;\">Ihre Vorteile:<\/span><\/p>\n\n\n\n<ul class=\"wp-block-list\">\n<li>individuelle Betreuung<\/li>\n\n\n\n<li>professionelle Anleitung<\/li>\n\n\n\n<li>interdisziplin\u00e4re Zusammenarbeit zwischen Trainer und Physiotherapeut<\/li>\n<\/ul>\n\n\n\n<h2 class=\"wp-block-heading has-black-color has-text-color\" style=\"font-size:17px;text-transform:capitalize\"><strong>IndiFit<\/strong><\/h2>\n\n\n\n<p><span style=\"color: #000000;\">W\u00e4hrend in\u00a0unserem IndiReha Training unser Hauptaugenmerk auf der Wiederherstellung von \u00a0k\u00f6rperlichen Funktionen und Belastbarkeiten liegt, m\u00f6chten wir Ihnen in unserem IndiFit Programm helfen sich fit zu halten, bzw. noch fitter zu werden. <\/span><\/p>\n\n\n\n<p><span style=\"color: #000000;\">Unter professioneller Anleitung werden hier ganzheitlich Kraft, Koordination, Kondition und Mobilit\u00e4t zur allgemeinen Verbesserung der Lebensqualit\u00e4t\u00a0trainiert.<\/span><\/p>\n<\/div><figure class=\"wp-block-media-text__media\" style=\"background-image:url(https:\/\/koerpertakt.de\/wp-content\/uploads\/2022\/07\/KoerperTakt_20220205-148-683x1024.jpg);background-position:50% 50%\"><img loading=\"lazy\" decoding=\"async\" width=\"683\" height=\"1024\" src=\"https:\/\/koerpertakt.de\/wp-content\/uploads\/2022\/07\/KoerperTakt_20220205-148-683x1024.jpg\" alt=\"\" class=\"wp-image-1027 size-full\" srcset=\"https:\/\/koerpertakt.de\/wp-content\/uploads\/2022\/07\/KoerperTakt_20220205-148-683x1024.jpg 683w, https:\/\/koerpertakt.de\/wp-content\/uploads\/2022\/07\/KoerperTakt_20220205-148-200x300.jpg 200w, https:\/\/koerpertakt.de\/wp-content\/uploads\/2022\/07\/KoerperTakt_20220205-148-768x1152.jpg 768w, https:\/\/koerpertakt.de\/wp-content\/uploads\/2022\/07\/KoerperTakt_20220205-148-1024x1536.jpg 1024w, https:\/\/koerpertakt.de\/wp-content\/uploads\/2022\/07\/KoerperTakt_20220205-148-1366x2048.jpg 1366w, https:\/\/koerpertakt.de\/wp-content\/uploads\/2022\/07\/KoerperTakt_20220205-148.jpg 1667w\" sizes=\"auto, (max-width: 683px) 100vw, 683px\" \/><\/figure><\/div>\n\n\n\n<div style=\"height:35px\" aria-hidden=\"true\" class=\"wp-block-spacer\"><\/div>\n\n\n\n<p class=\"has-black-color has-text-color\" style=\"font-size:17px\"><strong><span style=\"color: #000000;\">Preise f\u00fcr IndiReha \/ IndiFit\u00a0 (45 Min.)<\/span><\/strong><\/p>\n\n\n\n<p>1er Karte 75\u20ac<\/p>\n\n\n\n<p>10er Karte 649\u20ac<\/p>\n","protected":false},"excerpt":{"rendered":"<p>Preise f\u00fcr IndiReha \/ IndiFit\u00a0 (45 Min.) 1er Karte 75\u20ac 10er Karte 649\u20ac<\/p>\n","protected":false},"author":1,"featured_media":0,"parent":0,"menu_order":0,"comment_status":"closed","ping_status":"closed","template":"template-fullwidth.php","meta":{"footnotes":""},"class_list":["post-572","page","type-page","status-publish","hentry"],"_links":{"self":[{"href":"https:\/\/koerpertakt.de\/index.php?rest_route=\/wp\/v2\/pages\/572","targetHints":{"allow":["GET"]}}],"collection":[{"href":"https:\/\/koerpertakt.de\/index.php?rest_route=\/wp\/v2\/pages"}],"about":[{"href":"https:\/\/koerpertakt.de\/index.php?rest_route=\/wp\/v2\/types\/page"}],"author":[{"embeddable":true,"href":"https:\/\/koerpertakt.de\/index.php?rest_route=\/wp\/v2\/users\/1"}],"replies":[{"embeddable":true,"href":"https:\/\/koerpertakt.de\/index.php?rest_route=%2Fwp%2Fv2%2Fcomments&post=572"}],"version-history":[{"count":41,"href":"https:\/\/koerpertakt.de\/index.php?rest_route=\/wp\/v2\/pages\/572\/revisions"}],"predecessor-version":[{"id":1465,"href":"https:\/\/koerpertakt.de\/index.php?rest_route=\/wp\/v2\/pages\/572\/revisions\/1465"}],"wp:attachment":[{"href":"https:\/\/koerpertakt.de\/index.php?rest_route=%2Fwp%2Fv2%2Fmedia&parent=572"}],"curies":[{"name":"wp","href":"https:\/\/api.w.org\/{rel}","templated":true}]}}

<div class="wp-block-media-text alignwide has-media-on-the-right is-stacked-on-mobile is-vertically-aligned-center is-image-fill"><div class="wp-block-media-text__content">
<h2 class="wp-block-heading has-black-color has-text-color" style="font-size:17px;text-transform:none"><strong>IndiReha</strong></h2>



<p><span style="color: #000000;">Der Übergang zwischen physiotherapeutischer Behandlung und den körperlichen Belastungen im Alltag ist für viele Patienten ein Balanceakt. Um Sie in dieser nicht immer einfachen Phase besser begleiten und unterstützen zu können bieten wir ab sofort ein Trainingsprogramm für Selbstzahler an. </span></p>



<p><span style="color: #000000;">Hierbei haben Sie die Möglichkeit während oder nach ihrer physiotherapeutischen Behandlung unter professioneller Anleitung gezielte, individuell auf Sie abgestimmte Übungen (Muskelaufbau, Koordination, Faszienmobilisation) zu erlernen und somit aktiv an Ihrem Genesungsprozeß teilzunehmen.</span></p>



<p><span style="color: #000000;">Ihre Vorteile:</span></p>



<ul class="wp-block-list">
<li>individuelle Betreuung</li>



<li>professionelle Anleitung</li>



<li>interdisziplinäre Zusammenarbeit zwischen Trainer und Physiotherapeut</li>
</ul>



<h2 class="wp-block-heading has-black-color has-text-color" style="font-size:17px;text-transform:capitalize"><strong>IndiFit</strong></h2>



<p><span style="color: #000000;">Während in unserem IndiReha Training unser Hauptaugenmerk auf der Wiederherstellung von  körperlichen Funktionen und Belastbarkeiten liegt, möchten wir Ihnen in unserem IndiFit Programm helfen sich fit zu halten, bzw. noch fitter zu werden. </span></p>



<p><span style="color: #000000;">Unter professioneller Anleitung werden hier ganzheitlich Kraft, Koordination, Kondition und Mobilität zur allgemeinen Verbesserung der Lebensqualität trainiert.</span></p>
</div><figure class="wp-block-media-text__media" style="background-image:url(https://koerpertakt.de/wp-content/uploads/2022/07/KoerperTakt_20220205-148-683x1024.jpg);background-position:50% 50%"><img loading="lazy" decoding="async" width="683" height="1024" src="https://koerpertakt.de/wp-content/uploads/2022/07/KoerperTakt_20220205-148-683x1024.jpg" alt="" class="wp-image-1027 size-full" srcset="https://koerpertakt.de/wp-content/uploads/2022/07/KoerperTakt_20220205-148-683x1024.jpg 683w, https://koerpertakt.de/wp-content/uploads/2022/07/KoerperTakt_20220205-148-200x300.jpg 200w, https://koerpertakt.de/wp-content/uploads/2022/07/KoerperTakt_20220205-148-768x1152.jpg 768w, https://koerpertakt.de/wp-content/uploads/2022/07/KoerperTakt_20220205-148-1024x1536.jpg 1024w, https://koerpertakt.de/wp-content/uploads/2022/07/KoerperTakt_20220205-148-1366x2048.jpg 1366w, https://koerpertakt.de/wp-content/uploads/2022/07/KoerperTakt_20220205-148.jpg 1667w" sizes="auto, (max-width: 683px) 100vw, 683px" /></figure></div>



<div style="height:35px" aria-hidden="true" class="wp-block-spacer"></div>



<p class="has-black-color has-text-color" style="font-size:17px"><strong><span style="color: #000000;">Preise für IndiReha / IndiFit  (45 Min.)</span></strong></p>



<p>1er Karte 75€</p>



<p>10er Karte 649€</p>

<p>Preise für IndiReha / IndiFit  (45 Min.) 1er Karte 75€ 10er Karte 649€</p>
